- 2. Suppose k*q + 72 = 3*c, 3*q - 96 + 23 = -2*c. List the prime factors of c.
29
Suppose 5*r + 26*c - 27*c = 20855, -4*c - 20855 = -5*r. List the prime factors of r.
43, 97
What are the prime factors of (6 - -1) + (-6 - -1400)?
3, 467
Suppose 28*m + 3390 = 38*m. What are the prime factors of m?
3, 113
Let a(c) = 11*c**2 + 4*c. Let r be -4*4*3/24 - 1. What are the prime factors of a(r)?
3, 29
Let h be (1 - (2 + -1)) + 0. Let l be 25*(-34)/30*-3. Suppose -a = -8*f + 3*f + 395, -f - a + l = h. What are the prime factors of f?
2, 5
Suppose 985*j = 980*j + 9690. List the prime factors of j.
2, 3, 17, 19
What are the prime factors of (273/28)/((-1)/(-4))?
3, 13
Let y = -1 - -5. Suppose 27 = -y*h + 7. Let d = 4 - h. What are the prime factors of d?
3
Let l be 5*(17/5 + -3). Suppose 2*s - s + l = 0. List the prime factors of (3 - 7 - s) + 24.
2, 11
Let c(f) = f**2 - 22*f + 59. Let o = 45 - 25. What are the prime factors of c(o)?
19
Suppose 2*m - m = 0. Suppose 380 = t + 4*t - 5*k, m = -3*k + 3. Suppose 0 = -3*f - 3*c + 5*c + t, -3*f - 2*c + 97 = 0. List the prime factors of f.
29
Let v(y) = -y. Let u(b) = b**2 - b - 2. Let i be u(2). Let l be v(i). What are the prime factors of (l - -5)/((-1)/(-1))?
5
Let d(k) = -k**2 - 6*k + 5. Let v be d(-8). Let i(q) be the second derivative of q**4/12 + 3*q**3/2 - 3*q**2/2 + 5*q. List the prime factors of i(v).
19
Let h = 205 + -91. Suppose -93*n = -90*n - h. What are the prime factors of n?
2, 19
Suppose 0 = -6*j + 10*j - 16. Let d be (4/j)/1 + 17. Let q = d + 28. List the prime factors of q.
2, 23
Let g = 88 + -61. Suppose 4*d = -119 + g. Let q = d + 40. List the prime factors of q.
17
Suppose 0 = 8*v + 4*v - 3444. Suppose -3*d + v = 4*d. List the prime factors of d.
41
Suppose 0 = 25*y - 23313 - 487. List the prime factors of y.
2, 7, 17
Let s = 2155 - 937. What are the prime factors of s?
2, 3, 7, 29
Let y(t) = -12 + 27*t - 30*t - 4 - 1. Let g be y(-8). Let x = g - -54. What are the prime factors of x?
61
Let p(y) = y**3 + 3. Suppose -3*v - 20 = -29. What are the prime factors of p(v)?
2, 3, 5
Let x = -590 + 1234. What are the prime factors of x?
2, 7, 23
Let q(z) = 2*z**2 - 17*z - 21. List the prime factors of q(16).
3, 73
Let s(l) = 122*l - 398. What are the prime factors of s(12)?
2, 13, 41
Suppose -3*k + 56 = -0*y - 2*y, 0 = -5*k + 2*y + 100. Suppose -24*i = -k*i - 126. What are the prime factors of i?
3, 7
Let m = -307 - -797. List the prime factors of m.
2, 5, 7
Let c = -2217 + 5124. What are the prime factors of c?
3, 17, 19
Let p = 6512 + -1672. List the prime factors of p.
2, 5, 11
Suppose 4*z - 24 + 16 = 0. What are the prime factors of (-2)/z - (-117)/1?
2, 29
Suppose 0 = -m + 5*r - 1 - 2, 5*m + 15 = -3*r. Let x be 57/4 + m/12. Suppose -4*i + 38 + x = 0. What are the prime factors of i?
13
Suppose -6*i + 8*i - 16 = 0. Suppose -i*d + 168 = -5*d. List the prime factors of d.
2, 7
Let u = 77 - 70. Suppose 4*q = -3*k + 178, -5*k - 40 = -q - u. What are the prime factors of q?
43
Let t be ((-30)/24)/((-2)/24). List the prime factors of (9 - -19)*t/4.
3, 5, 7
Let n = 609 - 404. Suppose -4*x + n = -151. List the prime factors of x.
89
Let y(j) = 2*j**2 - 6*j + 8. Let b be y(2). Suppose -b*w - 86 + 318 = 0. List the prime factors of w.
2, 29
Suppose -303*m - 2440 = -308*m. List the prime factors of m.
2, 61
Let r(s) = s**3 - 18*s**2 + 3*s + 22. Let u be r(18). What are the prime factors of (38/u)/(1 - 125/126)?
3, 7
Let z(i) = 2*i**2 + 15*i + 2. Let k(x) = -2*x - 16. Let g be k(-11). List the prime factors of z(g).
2, 41
Let p(b) = -b + 20. Let a be p(0). Suppose a*z = 16*z + 316. List the prime factors of z.
79
Let y = -206 + 1149. List the prime factors of y.
23, 41
Suppose 0*k + 5*z = k - 75, -4*z = 2*k - 136. Let b = k + -124. Let q = b - -81. What are the prime factors of q?
3
Suppose y + 4*y + 20 = 0, -5*d = 2*y - 352. Suppose -4*u = 4 - d. What are the prime factors of (u/(-1))/(1/(-1))?
17
Let q(c) = 75*c**2 + 202*c - 5. What are the prime factors of q(-7)?
2, 3, 47
Suppose 4*q = b + 6193, -5*b - 7738 = -5*q - 7*b. List the prime factors of q.
2, 3, 43
Let w = 20 - 13. Suppose 2*o - w*o - 15 = 0. List the prime factors of -3 - ((o - 1) + -39).
2, 5
Suppose -13 = 2*o - 551. List the prime factors of o.
269
Let v = -475 - -745. Suppose -58 = 2*x - v. List the prime factors of x.
2, 53
Suppose 6*q - 12 = 2*q. Suppose -3*y + 132 = -q*i, -102 + 0 = -2*y - 5*i. What are the prime factors of y?
2, 23
Suppose 20 = 5*g - g. Let h(n) = 9*n**2 + 6*n - 3. Let u be h(g). What are the prime factors of 2/((-3)/(u/(-8)))?
3, 7
Suppose 19*x = 3235 - 575. What are the prime factors of x?
2, 5, 7
Suppose 23*a = 19*a + 3*f + 919, 2*a = -3*f + 455. What are the prime factors of a?
229
Suppose 0 = -14*u + 12*u + 14. Suppose -515 - 262 = -u*y. List the prime factors of y.
3, 37
Suppose -4*l = -4*o + o - 5089, 4*l + 4*o = 5096. What are the prime factors of l?
19, 67
Let q = 87 + -149. Let i = q - -105. Suppose s + 6 = 2*o - 25, 5*s + i = 2*o. List the prime factors of o.
2, 7
Let j(x) = -x + 3. Let s be j(3). Suppose -3*i + s*i = -702. List the prime factors of (-3)/12 - i/(-8).
29
Let s(i) = 3641*i**2 - 24*i + 23. List the prime factors of s(1).
2, 5, 7, 13
Let m(n) be the first derivative of -n**4/4 + 10*n**3/3 - 7*n**2/2 - 5*n + 1. Let c(o) = 3*o + 3. Let i be c(2). List the prime factors of m(i).
13
Suppose -32550 = -40*b + 22770. What are the prime factors of b?
3, 461
Let z(w) = -w**3 + 8*w**2 - 7*w - 6. Let u be z(7). What are the prime factors of u/3 - 57/(-1)?
5, 11
What are the prime factors of (-21)/3 - (-6 + (-3284)/4)?
2, 5, 41
Let h(j) = j**3 + 20*j - 88. List the prime factors of h(10).
2, 139
Suppose -7*j + 9*j - 60 = 0. What are the prime factors of j?
2, 3, 5
Suppose 0*q + 5*q - 230 = 0. Suppose 5*o - 279 = q. List the prime factors of o.
5, 13
Let u = -23 - -24. Let h(o) = o + 5*o**2 + 6*o**3 - 7*o**3 - u - 1 + 5*o. List the prime factors of h(5).
2, 7
Suppose -3*k = -k + 8. Let q be -1 + k + 2/1. List the prime factors of 3 + q + 29/1.
29
Let v(d) = -d**3 + 13*d**2 - 11*d. Suppose 5*s = 2*r - 44, 5*r - 3*s - 2*s - 80 = 0. Let n be v(r). Suppose 0 = m - n - 13. List the prime factors of m.
5
Let t(r) = -2*r**3 - 21*r**2 - 20*r + 40. Let z(k) = k**3 + 11*k**2 + 10*k - 20. Let j(x) = 4*t(x) + 9*z(x). What are the prime factors of j(-13)?
2, 47
Suppose -17*q = -895 - 12756. What are the prime factors of q?
11, 73
Let v = -83 + 155. List the prime factors of v.
2, 3
Suppose -2*k = -5*k + 2*k. Suppose -5*o - 4*y + 720 = k, 675 = 5*o - 6*y + y. List the prime factors of o.
2, 5, 7
Let a(q) = 150*q - 214. List the prime factors of a(6).
2, 7
Let b be 0 + -245*1/1. Let y = -102 - b. List the prime factors of y.
11, 13
What are the prime factors of (-55)/(-33) - 61/(-3)?
2, 11
Suppose 0 = -2*v + 5*f + 2657, 0 = 3*f + 19 - 4. List the prime factors of v.
2, 7, 47
Suppose z - 5 = g - 16, 0 = -5*g + z + 55. Let s = -9 + g. List the prime factors of s.
2
Suppose 1996 = 5*t + 4*d, 5*t - 2*d = 1501 + 501. List the prime factors of t.
2, 5
Suppose 29 = -3*m + 44. Suppose -190 = -v - m*z, 3*v + z - 13 - 501 = 0. List the prime factors of v.
2, 5, 17
Let x be (836/55)/(2/60). List the prime factors of 3/9 + x/9.
3, 17
Let j = 6 - 2. Suppose -2*z = -z - j. Suppose z = -4*w + 92. List the prime factors of w.
2, 11
Suppose 27*c - 5*c - 10802 = 0. List the prime factors of c.
491
Suppose 21 = -m + 9. Let d be (3 - 2)/4 + (-293)/4. List the prime factors of d/(-3) - m/18.
5
Let b be 452/9 - 8/108*3. Suppose -128 = -4*f - 3*r, 2*f = -2*r - 3*r + b. What are the prime factors of f?
5, 7
Let x(s) = 26*s - 74. What are the prime factors of x(11)?
2, 53
Let m(h) = -h**2 + 7*h + 1. Let a be -4 + 21/3 + 3. Let i be m(a). What are the prime factors of i/(147/108)*7?
2, 3
Suppose 2*z - 372 = -z. Suppose 5*n - 11 - 24 = -5*f, 4*f + n = 28. Suppose 3*p = f*p - z. List the prime factors of p.
31
Suppose 23*p = 74*p - 129234. What are the prime factors of p?
2, 7, 181
Let g(v) = -v**3 + 2*v**2 + 3*v - 6. Let p be g(-5). Let j = p + -86. What are the prime factors of j?
2, 17
Suppose -3*p + 2*j = -1236, 16*p = 13*p + 5*j + 1227. List the prime factors of p.
2, 3, 23
Suppose -7*y = -5*y - 3*x - 14, 2*y - 4*x = 16. Suppose 5*a - 993 -